{"id":3410,"date":"2025-10-10T20:37:47","date_gmt":"2025-10-10T18:37:47","guid":{"rendered":"https:\/\/www.meleyacht.it\/?post_type=product&#038;p=3410"},"modified":"2025-10-14T14:51:26","modified_gmt":"2025-10-14T12:51:26","slug":"itama-62-2","status":"publish","type":"product","link":"https:\/\/www.meleyacht.it\/?product=itama-62-2","title":{"rendered":"Itama 62"},"content":{"rendered":"<p><section class=\"kc-elm kc-css-70864 kc_row\"><div class=\"kc-row-container  kc-container\"><div class=\"kc-wrap-columns\"><div class=\"kc-elm kc-css-360601 kc_col-sm-6 kc_column kc_col-sm-6\"><div class=\"kc-col-container\"><div class=\"kc-elm kc-css-310585 kc_row kc_row_inner\"><div class=\"kc-elm kc-css-478022 kc_col-sm-6 kc_column_inner kc_col-sm-6\"><div class=\"kc_wrapper kc-col-inner-container\"><div class=\"kc-elm kc-css-176626 kc_text_block\"><\/p>\n<p><strong>Cantiere:<\/strong><\/p>\n<p>\n<\/div><\/div><\/div><div class=\"kc-elm kc-css-861784 kc_col-sm-6 kc_column_inner kc_col-sm-6\"><div class=\"kc_wrapper kc-col-inner-container\"><div class=\"kc-elm kc-css-184709 kc_text_block\"><\/p>\n<p>Itama&nbsp;<\/p>\n<p>\n<\/div><\/div><\/div><\/div><div class=\"kc-elm kc-css-586359 kc_row kc_row_inner\"><div class=\"kc-elm kc-css-64358 kc_col-sm-6 kc_column_inner kc_col-sm-6\"><div class=\"kc_wrapper kc-col-inner-container\"><div class=\"kc-elm kc-css-653608 kc_text_block\"><\/p>\n<p><strong>Modello:<\/strong><\/p>\n<p>\n<\/div><\/div><\/div><div class=\"kc-elm kc-css-372713 kc_col-sm-6 kc_column_inner kc_col-sm-6\"><div class=\"kc_wrapper kc-col-inner-container\"><div class=\"kc-elm kc-css-696579 kc_text_block\"><\/p>\n<p>62<\/p>\n<p>\n<\/div><\/div><\/div><\/div><div class=\"kc-elm kc-css-458764 kc_row kc_row_inner\"><div class=\"kc-elm kc-css-465625 kc_col-sm-6 kc_column_inner kc_col-sm-6\"><div class=\"kc_wrapper kc-col-inner-container\"><div class=\"kc-elm kc-css-36970 kc_text_block\"><\/p>\n<p><strong>Tipo Barca:<\/strong><\/p>\n<p>\n<\/div><\/div><\/div><div class=\"kc-elm kc-css-341966 kc_col-sm-6 kc_column_inner kc_col-sm-6\"><div class=\"kc_wrapper kc-col-inner-container\"><div class=\"kc-elm kc-css-968863 kc_text_block\"><\/p>\n<p>Open<\/p>\n<p>\n<\/div><\/div><\/div><\/div><div class=\"kc-elm kc-css-181254 kc_row kc_row_inner\"><div class=\"kc-elm kc-css-798744 kc_col-sm-6 kc_column_inner kc_col-sm-6\"><div class=\"kc_wrapper kc-col-inner-container\"><div class=\"kc-elm kc-css-45919 kc_text_block\"><\/p>\n<p><strong>Anno:<\/strong><\/p>\n<p>\n<\/div><\/div><\/div><div class=\"kc-elm kc-css-993688 kc_col-sm-6 kc_column_inner kc_col-sm-6\"><div class=\"kc_wrapper kc-col-inner-container\"><div class=\"kc-elm kc-css-79374 kc_text_block\"><\/p>\n<p>2015<\/p>\n<p>\n<\/div><\/div><\/div><\/div><div class=\"kc-elm kc-css-266182 kc_row kc_row_inner\"><div class=\"kc-elm kc-css-829552 kc_col-sm-6 kc_column_inner kc_col-sm-6\"><div class=\"kc_wrapper kc-col-inner-container\"><div class=\"kc-elm kc-css-621435 kc_text_block\"><\/p>\n<p><strong>Motorizzazione:<\/strong><\/p>\n<p>\n<\/div><\/div><\/div><div class=\"kc-elm kc-css-1889 kc_col-sm-6 kc_column_inner kc_col-sm-6\"><div class=\"kc_wrapper kc-col-inner-container\"><div class=\"kc-elm kc-css-98228 kc_text_block\"><\/p>\n<p>2 x 1360 Man V12<\/p>\n<p>\n<\/div><\/div><\/div><\/div><div class=\"kc-elm kc-css-406385 kc_row kc_row_inner\"><div class=\"kc-elm kc-css-920699 kc_col-sm-6 kc_column_inner kc_col-sm-6\"><div class=\"kc_wrapper kc-col-inner-container\"><div class=\"kc-elm kc-css-854988 kc_text_block\"><\/p>\n<p><strong>Ore motori:<\/strong><\/p>\n<p>\n<\/div><\/div><\/div><div class=\"kc-elm kc-css-361684 kc_col-sm-6 kc_column_inner kc_col-sm-6\"><div class=\"kc_wrapper kc-col-inner-container\"><div class=\"kc-elm kc-css-601431 kc_text_block\"><\/p>\n<p>1270<\/p>\n<p>\n<\/div><\/div><\/div><\/div><div class=\"kc-elm kc-css-760338 kc_row kc_row_inner\"><div class=\"kc-elm kc-css-422017 kc_col-sm-6 kc_column_inner kc_col-sm-6\"><div class=\"kc_wrapper kc-col-inner-container\"><div class=\"kc-elm kc-css-45008 kc_text_block\"><\/p>\n<p><strong>Velocit\u00e1 Massima:<\/strong><\/p>\n<p>\n<\/div><\/div><\/div><div class=\"kc-elm kc-css-799951 kc_col-sm-6 kc_column_inner kc_col-sm-6\"><div class=\"kc_wrapper kc-col-inner-container\"><div class=\"kc-elm kc-css-187257 kc_text_block\"><\/p>\n<p>40 nodi<\/p>\n<p>\n<\/div><\/div><\/div><\/div><div class=\"kc-elm kc-css-717345 kc_row kc_row_inner\"><div class=\"kc-elm kc-css-42649 kc_col-sm-6 kc_column_inner kc_col-sm-6\"><div class=\"kc_wrapper kc-col-inner-container\"><div class=\"kc-elm kc-css-732394 kc_text_block\"><\/p>\n<p><strong>Velocit\u00e1 di crociera:<\/strong><\/p>\n<p>\n<\/div><\/div><\/div><div class=\"kc-elm kc-css-471094 kc_col-sm-6 kc_column_inner kc_col-sm-6\"><div class=\"kc_wrapper kc-col-inner-container\"><div class=\"kc-elm kc-css-755841 kc_text_block\"><\/p>\n<p>34 nodi<\/p>\n<p>\n<\/div><\/div><\/div><\/div><\/div><\/div><div class=\"kc-elm kc-css-981126 kc_col-sm-6 kc_column kc_col-sm-6\"><div class=\"kc-col-container\"><div class=\"kc-elm kc-css-103596 kc_row kc_row_inner\"><div class=\"kc-elm kc-css-832689 kc_col-sm-6 kc_column_inner kc_col-sm-6\"><div class=\"kc_wrapper kc-col-inner-container\"><div class=\"kc-elm kc-css-479220 kc_text_block\"><\/p>\n<p><strong>Loa:<\/strong><\/p>\n<p>\n<\/div><\/div><\/div><div class=\"kc-elm kc-css-656983 kc_col-sm-6 kc_column_inner kc_col-sm-6\"><div class=\"kc_wrapper kc-col-inner-container\"><div class=\"kc-elm kc-css-662225 kc_text_block\"><\/p>\n<p>19,03 metri<\/p>\n<p>\n<\/div><\/div><\/div><\/div><div class=\"kc-elm kc-css-470570 kc_row kc_row_inner\"><div class=\"kc-elm kc-css-127422 kc_col-sm-6 kc_column_inner kc_col-sm-6\"><div class=\"kc_wrapper kc-col-inner-container\"><div class=\"kc-elm kc-css-264753 kc_text_block\"><\/p>\n<p><strong>Larghezza:<\/strong><\/p>\n<p>\n<\/div><\/div><\/div><div class=\"kc-elm kc-css-647208 kc_col-sm-6 kc_column_inner kc_col-sm-6\"><div class=\"kc_wrapper kc-col-inner-container\"><div class=\"kc-elm kc-css-426036 kc_text_block\"><\/p>\n<p>4,75 metri<\/p>\n<p>\n<\/div><\/div><\/div><\/div><div class=\"kc-elm kc-css-32502 kc_row kc_row_inner\"><div class=\"kc-elm kc-css-956278 kc_col-sm-6 kc_column_inner kc_col-sm-6\"><div class=\"kc_wrapper kc-col-inner-container\"><div class=\"kc-elm kc-css-999912 kc_text_block\"><\/p>\n<p><strong>Pescaggio:<\/strong><\/p>\n<p>\n<\/div><\/div><\/div><div class=\"kc-elm kc-css-763761 kc_col-sm-6 kc_column_inner kc_col-sm-6\"><div class=\"kc_wrapper kc-col-inner-container\"><div class=\"kc-elm kc-css-717989 kc_text_block\"><\/p>\n<p>1,70 metri<\/p>\n<p>\n<\/div><\/div><\/div><\/div><div class=\"kc-elm kc-css-484445 kc_row kc_row_inner\"><div class=\"kc-elm kc-css-131751 kc_col-sm-6 kc_column_inner kc_col-sm-6\"><div class=\"kc_wrapper kc-col-inner-container\"><div class=\"kc-elm kc-css-785606 kc_text_block\"><\/p>\n<p><strong>Cabine:<\/strong><\/p>\n<p>\n<\/div><\/div><\/div><div class=\"kc-elm kc-css-315597 kc_col-sm-6 kc_column_inner kc_col-sm-6\"><div class=\"kc_wrapper kc-col-inner-container\"><div class=\"kc-elm kc-css-717344 kc_text_block\"><\/p>\n<p>3<\/p>\n<p>\n<\/div><\/div><\/div><\/div><div class=\"kc-elm kc-css-963456 kc_row kc_row_inner\"><div class=\"kc-elm kc-css-359231 kc_col-sm-6 kc_column_inner kc_col-sm-6\"><div class=\"kc_wrapper kc-col-inner-container\"><div class=\"kc-elm kc-css-294474 kc_text_block\"><\/p>\n<p><strong>Carburante:<\/strong><\/p>\n<p>\n<\/div><\/div><\/div><div class=\"kc-elm kc-css-556638 kc_col-sm-6 kc_column_inner kc_col-sm-6\"><div class=\"kc_wrapper kc-col-inner-container\"><div class=\"kc-elm kc-css-888169 kc_text_block\"><\/p>\n<p>3250 lt<\/p>\n<p>\n<\/div><\/div><\/div><\/div><div class=\"kc-elm kc-css-761627 kc_row kc_row_inner\"><div class=\"kc-elm kc-css-807808 kc_col-sm-6 kc_column_inner kc_col-sm-6\"><div class=\"kc_wrapper kc-col-inner-container\"><div class=\"kc-elm kc-css-25660 kc_text_block\"><\/p>\n<p><strong>Acqua:<\/strong><\/p>\n<p>\n<\/div><\/div><\/div><div class=\"kc-elm kc-css-559853 kc_col-sm-6 kc_column_inner kc_col-sm-6\"><div class=\"kc_wrapper kc-col-inner-container\"><div class=\"kc-elm kc-css-16267 kc_text_block\"><\/p>\n<p>700 lt<\/p>\n<p>\n<\/div><\/div><\/div><\/div><div class=\"kc-elm kc-css-876164 kc_row kc_row_inner\"><div class=\"kc-elm kc-css-505299 kc_col-sm-6 kc_column_inner kc_col-sm-6\"><div class=\"kc_wrapper kc-col-inner-container\"><div class=\"kc-elm kc-css-821290 kc_text_block\"><\/p>\n<p><strong>Dislocamento:<\/strong><\/p>\n<p>\n<\/div><\/div><\/div><div class=\"kc-elm kc-css-320231 kc_col-sm-6 kc_column_inner kc_col-sm-6\"><div class=\"kc_wrapper kc-col-inner-container\"><div class=\"kc-elm kc-css-27595 kc_text_block\"><\/p>\n<p>24000 Kg<\/p>\n<p>\n<\/div><\/div><\/div><\/div><div class=\"kc-elm kc-css-365479 kc_row kc_row_inner\"><div class=\"kc-elm kc-css-537216 kc_col-sm-6 kc_column_inner kc_col-sm-6\"><div class=\"kc_wrapper kc-col-inner-container\"><div class=\"kc-elm kc-css-546900 kc_text_block\"><\/p>\n<p><strong>Prezzo:<\/strong><\/p>\n<p>\n<\/div><\/div><\/div><div class=\"kc-elm kc-css-716171 kc_col-sm-6 kc_column_inner kc_col-sm-6\"><div class=\"kc_wrapper kc-col-inner-container\"><div class=\"kc-elm kc-css-68185 kc_text_block\"><\/p>\n<p>\n<\/div><\/div><\/div><\/div><\/div><\/div><\/div><\/div><\/section><section class=\"kc-elm kc-css-608623 kc_row\"><div class=\"kc-row-container  kc-container\"><div class=\"kc-wrap-columns\"><div class=\"kc-elm kc-css-907186 kc_col-sm-12 kc_column kc_col-sm-12\"><div class=\"kc-col-container\"><div class=\"kc-elm kc-css-59024 kc_row kc_row_inner\"><div class=\"kc-elm kc-css-727329 kc_col-sm-6 kc_column_inner kc_col-sm-6\"><div class=\"kc_wrapper kc-col-inner-container\"><\/div><\/div><div class=\"kc-elm kc-css-782955 kc_col-sm-6 kc_column_inner kc_col-sm-6\"><div class=\"kc_wrapper kc-col-inner-container\">\n<div class=\"kc-elm kc-css-476678 kc-pro-button kc-button-3\">\n\t<a href=\"https:\/\/www.meleyacht.it\/?page_id=174\">\n\t\t<span class=\"creative_title\">RICHIEDI INFORMAZIONI <\/span>\t<\/a>\n<\/div>\n<\/div><\/div><\/div><div class=\"kc-elm kc-css-106287 kc_text_block\"><\/p>\n<p>L\u2019Itama 62 \u00e8 un elegante open yacht dal fascino inconfondibile, simbolo del design italiano per eccellenza.<br \/>Pensato per vivere il mare a 360 gradi, questa barca offre ampi spazi all\u2019aperto, dove prendisole, divani e zone relax si fondono armoniosamente con l\u2019ambiente marino. Il pozzetto \u00e8 un salotto en plein air, perfetto per godersi la navigazione o intrattenere ospiti in totale comfort e libert\u00e0.<br \/>Gli interni, sobri ma raffinati, combinano eleganza e funzionalit\u00e0. La disposizione \u00e8 pensata per offrire privacy e comodit\u00e0 a bordo, con ambienti luminosi, arredi essenziali e materiali pregiati. Ogni spazio \u00e8 progettato per garantire una vita a bordo piacevole, che si tratti di una breve crociera o di un\u2019intera vacanza in mare.<br \/>\u00c8 la scelta ideale per chi ama il mare con spirito libero, ma senza rinunciare al lusso discreto e all\u2019eleganza tipica del Made in Italy.<\/p>\n<p>DISPOSIZIONE INTERNA : 3 CABINE DI CUI 2 MATRIMONIALI -ARMATORIALE A PRUA E VIP A DRITTA &#8211; E UNA CABINA DOPPIA A LETTI IN PIANO. 3 BAGNI CON DOCCIA, CABINA MARINAIO A POPPA E 1 POSTO LETTO CON BAGNO<\/p>\n<p>STRUMENTAZIONE E DOTAZIONI DI BORDO:<\/p>\n<p>ELICA DI PRUA, ELICA DI POPPA, PEDANA DI POPPA UP E DOWN , SCALETTA BAGNO CON MANUALE SENSORE DI ALLARME IN PLANCIA COMANDI, FLAPS, DOCCIA ESTERNA CALDO\/FREDDO, BOILER, AUTOCLAVE, DISSALATORE IDROMARMOD. ZEN 130 LT\/H 24 VOLT, ARIA CONDIZIONATA CALDO\/FREDDO, CONDARIA REGOLABILE IN OGNI CABINA SEPARATAMENTE, SMART TV IN DINETTE E CABINA ARMATORIALE, STEREO FUSION MODELLO MS-NRX300 &#8211; MS-AV650 IN DINETTE INTERNO E UNO NEL POZZETTO CON CASSE ALTOPARLANTI, CUSCINERIA ESTERNA NEL POZZETTO, CUSCINERIA ESTERNA A PRUA, TENDALINO ELETTRICO PARASOLE, CAPPE TRASPARENTI PRUA E LATERALI, TENDALINO EXTENSION CON PALI, PREDISPOSIZIONE TENDER SULLA PEDANA DI POPPA, NON HA TENDER, VERRICELLO SALPANCORE A PRUA, VERRICELLO TONNEGGIO A POPPA SUL LATO SINISTRO, LUCI SUBACQUEE POPPA E LATERALI, 3 BOCCAPORTI, PASSERELLA ELETTROIDRAULICA BESENZONI<\/p>\n<p>\n<\/div><div class=\"kc-elm kc-css-12658 kc_row kc_row_inner\"><div class=\"kc-elm kc-css-66465 kc_col-sm-4 kc_column_inner kc_col-sm-4\"><div class=\"kc_wrapper kc-col-inner-container\"><\/div><\/div><div class=\"kc-elm kc-css-352010 kc_col-sm-4 kc_column_inner kc_col-sm-4\"><div class=\"kc_wrapper kc-col-inner-container\"><div class=\"kc-elm kc-css-114735 kc-raw-code\">\t<\/div><div class=\"kc-elm kc-css-985388\" style=\"height: 20px; clear: both; width:100%;\"><\/div><\/div><\/div><div class=\"kc-elm kc-css-854128 kc_col-sm-4 kc_column_inner kc_col-sm-4\"><div class=\"kc_wrapper kc-col-inner-container\"><div class=\"kc-elm kc-css-359022 kc-raw-code\"><class name=\"formpdf\" ><form method=\"POST\" action=\"CreaPdf.php\" target=\"_blank\"><input type=\"hidden\" value=\"creapdf\" name=\"pdf\"><input type=\"hidden\" value=\"3410\" name=\"idProdotto\"><input type=\"submit\" value=\"SCHEDA PDF\"><\/form><\/class>\t<\/div><div class=\"kc-elm kc-css-637900\" style=\"height: 20px; clear: both; width:100%;\"><\/div><\/div><\/div><\/div><\/div><\/div><\/div><\/div><\/section><section class=\"kc-elm kc-css-104375 kc_row\"><div class=\"kc-row-container  kc-container\"><div class=\"kc-wrap-columns\"><div class=\"kc-elm kc-css-477544 kc_col-of-5 kc_column kc_col-of-5\"><div class=\"kc-col-container\"><\/div><\/div><div class=\"kc-elm kc-css-831627 kc_col-of-5 kc_column kc_col-of-5\"><div class=\"kc-col-container\"><\/div><\/div><div class=\"kc-elm kc-css-256048 kc_col-of-5 kc_column kc_col-of-5\"><div class=\"kc-col-container\"><\/div><\/div><div class=\"kc-elm kc-css-469892 kc_col-of-5 kc_column kc_col-of-5\"><div class=\"kc-col-container\"><\/div><\/div><div class=\"kc-elm kc-css-279092 kc_col-of-5 kc_column kc_col-of-5\"><div class=\"kc-col-container\"><div class=\"widget widget_search kc-elm kc-css-476068\"><h2 class=\"widgettitle\">Cerca<\/h2><form role=\"search\" method=\"get\" class=\"search-form\" action=\"https:\/\/www.meleyacht.it\/\">\n\t\t\t\t<label>\n\t\t\t\t\t<span class=\"screen-reader-text\">Ricerca per:<\/span>\n\t\t\t\t\t<input type=\"search\" class=\"search-field\" placeholder=\"Cerca &hellip;\" value=\"\" name=\"s\" \/>\n\t\t\t\t<\/label>\n\t\t\t\t<input type=\"submit\" class=\"search-submit\" value=\"Cerca\" \/>\n\t\t\t<\/form><\/div><div class=\"kc-elm kc-css-845746\" style=\"height: 10px; clear: both; width:100%;\"><\/div><div class=\"kc-elm kc-css-495806 kc_text_block\"><\/p>\n<p>\nNews &#038; Eventi<\/p>\n<p>\n<\/div><div class=\"kc-carousel-post kc-elm kc-css-350065\"><div class=\"kc-owl-post-carousel owl-carousel list-post category \" data-owl-options='{\"items\":\"1\",\"mobile\":\"1\",\"tablet\":\"1\",\"speed\":500,\"navigation\":\"\",\"pagination\":\"yes\",\"autoheight\":\"\",\"autoplay\":\"yes\"}'>\t\t<div class=\"item list-item post-3732\">\n\n\t\t\t<div class=\"post-content\">\n\n\t\t\t\t<div class=\"image\"><img width=\"150\" height=\"150\" src=\"https:\/\/www.meleyacht.it\/wp-content\/uploads\/2026\/03\/WhatsApp-Image-2026-03-10-at-11.35.32-150x150.jpeg\" class=\"attachment-thumbnail size-thumbnail wp-post-image\" alt=\"\" loading=\"lazy\" srcset=\"https:\/\/www.meleyacht.it\/wp-content\/uploads\/2026\/03\/WhatsApp-Image-2026-03-10-at-11.35.32-150x150.jpeg 150w, https:\/\/www.meleyacht.it\/wp-content\/uploads\/2026\/03\/WhatsApp-Image-2026-03-10-at-11.35.32-300x300.jpeg 300w, https:\/\/www.meleyacht.it\/wp-content\/uploads\/2026\/03\/WhatsApp-Image-2026-03-10-at-11.35.32-100x100.jpeg 100w\" sizes=\"(max-width: 150px) 100vw, 150px\" \/><h3 class=\"caption\"><a href=\"https:\/\/www.meleyacht.it\/?p=3732\">COLUMBUS ATLANTIQUE 38M LAUNCH CEREMONY &#8211; M\/Y PRINCIPESSA CAPRICCIOSA<\/a><\/h3><\/div>\n\t\t\t\t\n\t\t\t\t<div class=\"in-post-content\">Savona, March 10 2026 &#8211; Columbus Yachts announces the launch of the Atlantique 38-metre M\/Y Principessa Capricciosa. The latest addition is the most compact model ...<\/div>\n\t\t\t\t\t\t\t<\/div>\n\n\t\t<\/div>\n\t\t\t\t<div class=\"item list-item post-3386\">\n\n\t\t\t<div class=\"post-content\">\n\n\t\t\t\t<div class=\"image\"><img width=\"150\" height=\"150\" src=\"https:\/\/www.meleyacht.it\/wp-content\/uploads\/2025\/08\/IMG-20250828-WA0010-150x150.jpg\" class=\"attachment-thumbnail size-thumbnail wp-post-image\" alt=\"\" loading=\"lazy\" srcset=\"https:\/\/www.meleyacht.it\/wp-content\/uploads\/2025\/08\/IMG-20250828-WA0010-150x150.jpg 150w, https:\/\/www.meleyacht.it\/wp-content\/uploads\/2025\/08\/IMG-20250828-WA0010-300x300.jpg 300w, https:\/\/www.meleyacht.it\/wp-content\/uploads\/2025\/08\/IMG-20250828-WA0010-100x100.jpg 100w\" sizes=\"(max-width: 150px) 100vw, 150px\" \/><h3 class=\"caption\"><a href=\"https:\/\/www.meleyacht.it\/?p=3386\">Cannes Yachting Festival<\/a><\/h3><\/div>\n\t\t\t\t\n\t\t\t\t<div class=\"in-post-content\">Siamo lieti di annunciare la nostra partecipazione, come di consuetudine, al Cannes Yachting Festival, che si terr\u00e0 dal 9 al 14 settembre 2025. Questo prestigioso ...<\/div>\n\t\t\t\t\t\t\t<\/div>\n\n\t\t<\/div>\n\t\t\t\t<div class=\"item list-item post-3243\">\n\n\t\t\t<div class=\"post-content\">\n\n\t\t\t\t<div class=\"image\"><img width=\"150\" height=\"150\" src=\"https:\/\/www.meleyacht.it\/wp-content\/uploads\/2025\/01\/Assia-e-Salvatore-Mele_-Mele-Yacht-1024x768-1-150x150.jpg\" class=\"attachment-thumbnail size-thumbnail wp-post-image\" alt=\"\" loading=\"lazy\" srcset=\"https:\/\/www.meleyacht.it\/wp-content\/uploads\/2025\/01\/Assia-e-Salvatore-Mele_-Mele-Yacht-1024x768-1-150x150.jpg 150w, https:\/\/www.meleyacht.it\/wp-content\/uploads\/2025\/01\/Assia-e-Salvatore-Mele_-Mele-Yacht-1024x768-1-300x300.jpg 300w, https:\/\/www.meleyacht.it\/wp-content\/uploads\/2025\/01\/Assia-e-Salvatore-Mele_-Mele-Yacht-1024x768-1-100x100.jpg 100w\" sizes=\"(max-width: 150px) 100vw, 150px\" \/><h3 class=\"caption\"><a href=\"https:\/\/www.meleyacht.it\/?p=3243\">Assia e Salvatore, le due met\u00e0 della Mele<\/a><\/h3><\/div>\n\t\t\t\t\n\t\t\t\t<div class=\"in-post-content\">Timonano con orgoglio Mele Yacht, societ\u00e0 partenopea a conduzione familiare nata dal desiderio di&nbsp;Antimo Mele, pioniere nella vendita di imbarcazioni di alta qualit\u00e0, di trasmettere ...<\/div>\n\t\t\t\t\t\t\t<\/div>\n\n\t\t<\/div>\n\t\t\t\t<div class=\"item list-item post-3237\">\n\n\t\t\t<div class=\"post-content\">\n\n\t\t\t\t<div class=\"image\"><img width=\"150\" height=\"150\" src=\"https:\/\/www.meleyacht.it\/wp-content\/uploads\/2025\/01\/Cattura-150x150.jpg\" class=\"attachment-thumbnail size-thumbnail wp-post-image\" alt=\"\" loading=\"lazy\" srcset=\"https:\/\/www.meleyacht.it\/wp-content\/uploads\/2025\/01\/Cattura-150x150.jpg 150w, https:\/\/www.meleyacht.it\/wp-content\/uploads\/2025\/01\/Cattura-300x300.jpg 300w, https:\/\/www.meleyacht.it\/wp-content\/uploads\/2025\/01\/Cattura-100x100.jpg 100w\" sizes=\"(max-width: 150px) 100vw, 150px\" \/><h3 class=\"caption\"><a href=\"https:\/\/www.meleyacht.it\/?p=3237\">Cannes Yachting Festival 2024<\/a><\/h3><\/div>\n\t\t\t\t\n\t\t\t\t<div class=\"in-post-content\">9-14 Settembre 2024 Mele Yacht sar\u00e0 lieta di incontrare i propri clienti al Cannes Yachting Festival 2024 per celebrare i 47 anni del pi\u00f9 grande ...<\/div>\n\t\t\t\t\t\t\t<\/div>\n\n\t\t<\/div>\n\t\t\t\t<div class=\"item list-item post-3230\">\n\n\t\t\t<div class=\"post-content\">\n\n\t\t\t\t<div class=\"image\"><img width=\"150\" height=\"150\" src=\"https:\/\/www.meleyacht.it\/wp-content\/uploads\/2025\/01\/cannes-yachting-festival-2023-150x150.jpg\" class=\"attachment-thumbnail size-thumbnail wp-post-image\" alt=\"\" loading=\"lazy\" srcset=\"https:\/\/www.meleyacht.it\/wp-content\/uploads\/2025\/01\/cannes-yachting-festival-2023-150x150.jpg 150w, https:\/\/www.meleyacht.it\/wp-content\/uploads\/2025\/01\/cannes-yachting-festival-2023-300x300.jpg 300w, https:\/\/www.meleyacht.it\/wp-content\/uploads\/2025\/01\/cannes-yachting-festival-2023-100x100.jpg 100w\" sizes=\"(max-width: 150px) 100vw, 150px\" \/><h3 class=\"caption\"><a href=\"https:\/\/www.meleyacht.it\/?p=3230\">Cannes Yachting Festival 2023<\/a><\/h3><\/div>\n\t\t\t\t\n\t\t\t\t<div class=\"in-post-content\">12-17 Settembre 2023 Mele Yacht sar\u00e0 lieta di incontrare i propri clienti al Cannes Yachting Festival 2023 per celebrare i 46 anni del pi\u00f9 grande ...<\/div>\n\t\t\t\t\t\t\t<\/div>\n\n\t\t<\/div>\n\t\t<\/div><\/div><div class=\"kc-elm kc-css-422716\" style=\"height: 20px; clear: both; width:100%;\"><\/div><\/div><\/div><\/div><\/div><\/section><\/p>\n","protected":false},"excerpt":{"rendered":"","protected":false},"featured_media":3411,"template":"","meta":[],"product_cat":[145,99,21,108],"product_tag":[],"_links":{"self":[{"href":"https:\/\/www.meleyacht.it\/index.php?rest_route=\/wp\/v2\/product\/3410"}],"collection":[{"href":"https:\/\/www.meleyacht.it\/index.php?rest_route=\/wp\/v2\/product"}],"about":[{"href":"https:\/\/www.meleyacht.it\/index.php?rest_route=\/wp\/v2\/types\/product"}],"wp:featuredmedia":[{"embeddable":true,"href":"https:\/\/www.meleyacht.it\/index.php?rest_route=\/wp\/v2\/media\/3411"}],"wp:attachment":[{"href":"https:\/\/www.meleyacht.it\/index.php?rest_route=%2Fwp%2Fv2%2Fmedia&parent=3410"}],"wp:term":[{"taxonomy":"product_cat","embeddable":true,"href":"https:\/\/www.meleyacht.it\/index.php?rest_route=%2Fwp%2Fv2%2Fproduct_cat&post=3410"},{"taxonomy":"product_tag","embeddable":true,"href":"https:\/\/www.meleyacht.it\/index.php?rest_route=%2Fwp%2Fv2%2Fproduct_tag&post=3410"}],"curies":[{"name":"wp","href":"https:\/\/api.w.org\/{rel}","templated":true}]}}