{"id":2048,"date":"2023-06-26T20:09:28","date_gmt":"2023-06-26T18:09:28","guid":{"rendered":"https:\/\/www.meleyacht.it\/?post_type=product&#038;p=2048"},"modified":"2025-03-11T20:13:38","modified_gmt":"2025-03-11T19:13:38","slug":"mochi-51-dolphin","status":"publish","type":"product","link":"https:\/\/www.meleyacht.it\/?product=mochi-51-dolphin","title":{"rendered":"Mochi 51 Dolphin"},"content":{"rendered":"<p><section class=\"kc-elm kc-css-72508 kc_row\"><div class=\"kc-row-container  kc-container\"><div class=\"kc-wrap-columns\"><div class=\"kc-elm kc-css-645090 kc_col-sm-6 kc_column kc_col-sm-6\"><div class=\"kc-col-container\"><div class=\"kc-elm kc-css-729059 kc_row kc_row_inner\"><div class=\"kc-elm kc-css-932385 kc_col-sm-6 kc_column_inner kc_col-sm-6\"><div class=\"kc_wrapper kc-col-inner-container\"><div class=\"kc-elm kc-css-835059 kc_text_block\"><\/p>\n<p><strong>Cantiere:<\/strong><\/p>\n<p>\n<\/div><\/div><\/div><div class=\"kc-elm kc-css-362262 kc_col-sm-6 kc_column_inner kc_col-sm-6\"><div class=\"kc_wrapper kc-col-inner-container\"><div class=\"kc-elm kc-css-33247 kc_text_block\"><\/p>\n<p>Mochi Craft<\/p>\n<p>\n<\/div><\/div><\/div><\/div><div class=\"kc-elm kc-css-75700 kc_row kc_row_inner\"><div class=\"kc-elm kc-css-477546 kc_col-sm-6 kc_column_inner kc_col-sm-6\"><div class=\"kc_wrapper kc-col-inner-container\"><div class=\"kc-elm kc-css-400930 kc_text_block\"><\/p>\n<p><strong>Modello:<\/strong><\/p>\n<p>\n<\/div><\/div><\/div><div class=\"kc-elm kc-css-171609 kc_col-sm-6 kc_column_inner kc_col-sm-6\"><div class=\"kc_wrapper kc-col-inner-container\"><div class=\"kc-elm kc-css-839062 kc_text_block\"><\/p>\n<p>Mochi 51 Dolphin<\/p>\n<p>\n<\/div><\/div><\/div><\/div><div class=\"kc-elm kc-css-315245 kc_row kc_row_inner\"><div class=\"kc-elm kc-css-829356 kc_col-sm-6 kc_column_inner kc_col-sm-6\"><div class=\"kc_wrapper kc-col-inner-container\"><div class=\"kc-elm kc-css-899043 kc_text_block\"><\/p>\n<p><strong>Tipo Barca:<\/strong><\/p>\n<p>\n<\/div><\/div><\/div><div class=\"kc-elm kc-css-140979 kc_col-sm-6 kc_column_inner kc_col-sm-6\"><div class=\"kc_wrapper kc-col-inner-container\"><div class=\"kc-elm kc-css-49089 kc_text_block\"><\/p>\n<p>Lobster<\/p>\n<p>\n<\/div><\/div><\/div><\/div><div class=\"kc-elm kc-css-929332 kc_row kc_row_inner\"><div class=\"kc-elm kc-css-878276 kc_col-sm-6 kc_column_inner kc_col-sm-6\"><div class=\"kc_wrapper kc-col-inner-container\"><div class=\"kc-elm kc-css-553781 kc_text_block\"><\/p>\n<p><strong>Anno:<\/strong><\/p>\n<p>\n<\/div><\/div><\/div><div class=\"kc-elm kc-css-82402 kc_col-sm-6 kc_column_inner kc_col-sm-6\"><div class=\"kc_wrapper kc-col-inner-container\"><div class=\"kc-elm kc-css-712003 kc_text_block\"><\/p>\n<p>2005<\/p>\n<p>\n<\/div><\/div><\/div><\/div><div class=\"kc-elm kc-css-19723 kc_row kc_row_inner\"><div class=\"kc-elm kc-css-964017 kc_col-sm-6 kc_column_inner kc_col-sm-6\"><div class=\"kc_wrapper kc-col-inner-container\"><div class=\"kc-elm kc-css-240899 kc_text_block\"><\/p>\n<p><strong>Motorizzazione:<\/strong><\/p>\n<p>\n<\/div><\/div><\/div><div class=\"kc-elm kc-css-240215 kc_col-sm-6 kc_column_inner kc_col-sm-6\"><div class=\"kc_wrapper kc-col-inner-container\"><div class=\"kc-elm kc-css-714469 kc_text_block\"><\/p>\n<p>2 x 900 Man<\/p>\n<p>\n<\/div><\/div><\/div><\/div><div class=\"kc-elm kc-css-473697 kc_row kc_row_inner\"><div class=\"kc-elm kc-css-787238 kc_col-sm-6 kc_column_inner kc_col-sm-6\"><div class=\"kc_wrapper kc-col-inner-container\"><div class=\"kc-elm kc-css-708234 kc_text_block\"><\/p>\n<p><strong>Ore motori:<\/strong><\/p>\n<p>\n<\/div><\/div><\/div><div class=\"kc-elm kc-css-246553 kc_col-sm-6 kc_column_inner kc_col-sm-6\"><div class=\"kc_wrapper kc-col-inner-container\"><div class=\"kc-elm kc-css-792176 kc_text_block\"><\/p>\n<p>1500<\/p>\n<p>\n<\/div><\/div><\/div><\/div><div class=\"kc-elm kc-css-625895 kc_row kc_row_inner\"><div class=\"kc-elm kc-css-263837 kc_col-sm-6 kc_column_inner kc_col-sm-6\"><div class=\"kc_wrapper kc-col-inner-container\"><div class=\"kc-elm kc-css-416738 kc_text_block\"><\/p>\n<p><strong>Velocit\u00e1 Massima:<\/strong><\/p>\n<p>\n<\/div><\/div><\/div><div class=\"kc-elm kc-css-469318 kc_col-sm-6 kc_column_inner kc_col-sm-6\"><div class=\"kc_wrapper kc-col-inner-container\"><div class=\"kc-elm kc-css-4308 kc_text_block\"><\/p>\n<p>32 nodi<\/p>\n<p>\n<\/div><\/div><\/div><\/div><div class=\"kc-elm kc-css-36774 kc_row kc_row_inner\"><div class=\"kc-elm kc-css-526111 kc_col-sm-6 kc_column_inner kc_col-sm-6\"><div class=\"kc_wrapper kc-col-inner-container\"><div class=\"kc-elm kc-css-387658 kc_text_block\"><\/p>\n<p><strong>Velocit\u00e1 di crociera:<\/strong><\/p>\n<p>\n<\/div><\/div><\/div><div class=\"kc-elm kc-css-297672 kc_col-sm-6 kc_column_inner kc_col-sm-6\"><div class=\"kc_wrapper kc-col-inner-container\"><div class=\"kc-elm kc-css-884874 kc_text_block\"><\/p>\n<p>28 nodi<\/p>\n<p>\n<\/div><\/div><\/div><\/div><\/div><\/div><div class=\"kc-elm kc-css-559720 kc_col-sm-6 kc_column kc_col-sm-6\"><div class=\"kc-col-container\"><div class=\"kc-elm kc-css-461448 kc_row kc_row_inner\"><div class=\"kc-elm kc-css-37363 kc_col-sm-6 kc_column_inner kc_col-sm-6\"><div class=\"kc_wrapper kc-col-inner-container\"><div class=\"kc-elm kc-css-976514 kc_text_block\"><\/p>\n<p><strong>Loa:<\/strong><\/p>\n<p>\n<\/div><\/div><\/div><div class=\"kc-elm kc-css-482121 kc_col-sm-6 kc_column_inner kc_col-sm-6\"><div class=\"kc_wrapper kc-col-inner-container\"><div class=\"kc-elm kc-css-849622 kc_text_block\"><\/p>\n<p>15,30<\/p>\n<p>\n<\/div><\/div><\/div><\/div><div class=\"kc-elm kc-css-327801 kc_row kc_row_inner\"><div class=\"kc-elm kc-css-936784 kc_col-sm-6 kc_column_inner kc_col-sm-6\"><div class=\"kc_wrapper kc-col-inner-container\"><div class=\"kc-elm kc-css-79914 kc_text_block\"><\/p>\n<p><strong>Larghezza:<\/strong><\/p>\n<p>\n<\/div><\/div><\/div><div class=\"kc-elm kc-css-676977 kc_col-sm-6 kc_column_inner kc_col-sm-6\"><div class=\"kc_wrapper kc-col-inner-container\"><div class=\"kc-elm kc-css-448968 kc_text_block\"><\/p>\n<p>4,90 mt<\/p>\n<p>\n<\/div><\/div><\/div><\/div><div class=\"kc-elm kc-css-975904 kc_row kc_row_inner\"><div class=\"kc-elm kc-css-847787 kc_col-sm-6 kc_column_inner kc_col-sm-6\"><div class=\"kc_wrapper kc-col-inner-container\"><div class=\"kc-elm kc-css-475431 kc_text_block\"><\/p>\n<p><strong>Pescaggio:<\/strong><\/p>\n<p>\n<\/div><\/div><\/div><div class=\"kc-elm kc-css-328491 kc_col-sm-6 kc_column_inner kc_col-sm-6\"><div class=\"kc_wrapper kc-col-inner-container\"><div class=\"kc-elm kc-css-626806 kc_text_block\"><\/p>\n<p>1,00 mt<\/p>\n<p>\n<\/div><\/div><\/div><\/div><div class=\"kc-elm kc-css-688779 kc_row kc_row_inner\"><div class=\"kc-elm kc-css-209750 kc_col-sm-6 kc_column_inner kc_col-sm-6\"><div class=\"kc_wrapper kc-col-inner-container\"><div class=\"kc-elm kc-css-458672 kc_text_block\"><\/p>\n<p><strong>Cabine:<\/strong><\/p>\n<p>\n<\/div><\/div><\/div><div class=\"kc-elm kc-css-775280 kc_col-sm-6 kc_column_inner kc_col-sm-6\"><div class=\"kc_wrapper kc-col-inner-container\"><div class=\"kc-elm kc-css-5217 kc_text_block\"><\/p>\n<p>2 + crew<\/p>\n<p>\n<\/div><\/div><\/div><\/div><div class=\"kc-elm kc-css-980285 kc_row kc_row_inner\"><div class=\"kc-elm kc-css-363692 kc_col-sm-6 kc_column_inner kc_col-sm-6\"><div class=\"kc_wrapper kc-col-inner-container\"><div class=\"kc-elm kc-css-866707 kc_text_block\"><\/p>\n<p><strong>Carburante:<\/strong><\/p>\n<p>\n<\/div><\/div><\/div><div class=\"kc-elm kc-css-683011 kc_col-sm-6 kc_column_inner kc_col-sm-6\"><div class=\"kc_wrapper kc-col-inner-container\"><div class=\"kc-elm kc-css-519826 kc_text_block\"><\/p>\n<p>2500 litri<\/p>\n<p>\n<\/div><\/div><\/div><\/div><div class=\"kc-elm kc-css-803393 kc_row kc_row_inner\"><div class=\"kc-elm kc-css-838582 kc_col-sm-6 kc_column_inner kc_col-sm-6\"><div class=\"kc_wrapper kc-col-inner-container\"><div class=\"kc-elm kc-css-249884 kc_text_block\"><\/p>\n<p><strong>Acqua:<\/strong><\/p>\n<p>\n<\/div><\/div><\/div><div class=\"kc-elm kc-css-383391 kc_col-sm-6 kc_column_inner kc_col-sm-6\"><div class=\"kc_wrapper kc-col-inner-container\"><div class=\"kc-elm kc-css-907312 kc_text_block\"><\/p>\n<p>\n<\/div><\/div><\/div><\/div><div class=\"kc-elm kc-css-823016 kc_row kc_row_inner\"><div class=\"kc-elm kc-css-957981 kc_col-sm-6 kc_column_inner kc_col-sm-6\"><div class=\"kc_wrapper kc-col-inner-container\"><div class=\"kc-elm kc-css-240338 kc_text_block\"><\/p>\n<p><strong>Dislocamento:<\/strong><\/p>\n<p>\n<\/div><\/div><\/div><div class=\"kc-elm kc-css-689388 kc_col-sm-6 kc_column_inner kc_col-sm-6\"><div class=\"kc_wrapper kc-col-inner-container\"><div class=\"kc-elm kc-css-59383 kc_text_block\"><\/p>\n<p>22300 kg<\/p>\n<p>\n<\/div><\/div><\/div><\/div><div class=\"kc-elm kc-css-984421 kc_row kc_row_inner\"><div class=\"kc-elm kc-css-522545 kc_col-sm-6 kc_column_inner kc_col-sm-6\"><div class=\"kc_wrapper kc-col-inner-container\"><div class=\"kc-elm kc-css-581755 kc_text_block\"><\/p>\n<p><strong>Prezzo:<\/strong><\/p>\n<p>\n<\/div><\/div><\/div><div class=\"kc-elm kc-css-138331 kc_col-sm-6 kc_column_inner kc_col-sm-6\"><div class=\"kc_wrapper kc-col-inner-container\"><div class=\"kc-elm kc-css-196780 kc_text_block\"><\/p>\n<p>Trattativa Riservata<\/p>\n<p>\n<\/div><\/div><\/div><\/div><\/div><\/div><\/div><\/div><\/section><section class=\"kc-elm kc-css-107999 kc_row\"><div class=\"kc-row-container  kc-container\"><div class=\"kc-wrap-columns\"><div class=\"kc-elm kc-css-166271 kc_col-sm-12 kc_column kc_col-sm-12\"><div class=\"kc-col-container\"><div class=\"kc-elm kc-css-303395 kc_row kc_row_inner\"><div class=\"kc-elm kc-css-942503 kc_col-sm-6 kc_column_inner kc_col-sm-6\"><div class=\"kc_wrapper kc-col-inner-container\"><\/div><\/div><div class=\"kc-elm kc-css-454760 kc_col-sm-6 kc_column_inner kc_col-sm-6\"><div class=\"kc_wrapper kc-col-inner-container\">\n<div class=\"kc-elm kc-css-442930 kc-pro-button kc-button-3\">\n\t<a href=\"https:\/\/www.meleyacht.it\/?page_id=174\">\n\t\t<span class=\"creative_title\">RICHIEDI INFORMAZIONI <\/span>\t<\/a>\n<\/div>\n<\/div><\/div><\/div><div class=\"kc-elm kc-css-280975 kc_text_block\"><\/p>\n<p>DESCRIZIONE<br \/>Elegante lobster senza tempo dalle linee morbide, prua larga, poppa che si chiude dolcemente e spazioso pozzetto sono le caratteristiche che il Mochi Craft ha mantenuto per i suoi modelli. Dal pozzetto si accede all&#039;interno tramite una porta scorrevole: accanto a quest\u2019ultima \u00e8 presente una finestra basculante che, una volta sollevata, trasforma queste due zone in un open space, ideale per la sosta in rada. All\u2019interno troviamo una grande dinette; sul lato opposto c\u2019\u00e8 invece il mobile in legno che contiene le stoviglie, il bar, il televisore a scomparsa e l\u2019impianto hi-fi. Pi\u00f9 a prua sulla sinistra \u00e8 sistemata la consolle di guida, pratica e funzionale pu\u00f2 ospitare due persone. La seduta, in pelle ed ergonomica, ha un comodo sostegno per la parte interna delle ginocchia, utile per rimanere fermi con mare formato. Tutti i comandi per la navigazione sono a portata di mano inoltre il tettuccio elettrico migliora l\u2019illuminazione e il ricircolo d\u2019aria. Sul secondo livello, svasato di un metro pi\u00f9 in basso sulla destra, c\u2019\u00e8 la cucina che permette di muoversi agilmente senza doversi spostare dal centro della stanza con un frigo di notevoli dimensioni, due lavelli, una piastra elettrica in vetroceramica. L\u2019intero ambiente \u00e8 particolarmente luminoso grazie ai grandi finestroni. La zona notte prevede due cabine e due bagni oltre alla cabina del marinaio con proprio servizio. A prua si apre la cabina armatoriale con letto doppio rialzato e numerosi armadietti e il bagno dedicato, A sinistra pi\u00f9 a poppa c\u2019\u00e8 la cabina ospiti con due letti singoli e il bagno ospiti.<\/p>\n<\/p>\n<p>DESCRIZIONE INTERNI<br \/>Dal pozzetto si accede all&#039;interno tramite una porta scorrevole: accanto a quest\u2019ultima \u00e8 presente una finestra basculante che, una volta sollevata, trasforma queste due zone in un open space, ideale per la sosta in rada. All\u2019interno troviamo una grande dinette; sul lato opposto c\u2019\u00e8 invece il mobile in legno che contiene le stoviglie, il bar, il televisore a scomparsa e l\u2019impianto hi-fi. Pi\u00f9 a prua sulla sinistra \u00e8 sistemata la consolle di guida, pratica e funzionale pu\u00f2 ospitare due persone. La seduta, in pelle ed ergonomica, ha un comodo sostegno per la parte interna delle ginocchia, utile per rimanere fermi con mare formato. Tutti i comandi per la navigazione sono a portata di mano inoltre il tettuccio elettrico migliora l\u2019illuminazione e il ricircolo d\u2019aria. Sul secondo livello, svasato di un metro pi\u00f9 in basso sulla destra, c\u2019\u00e8 la cucina che permette di muoversi agilmente senza doversi spostare dal centro della stanza con un frigo di notevoli dimensioni, due lavelli, una piastra elettrica in vetroceramica. L\u2019intero ambiente \u00e8 particolarmente luminoso grazie ai grandi finestroni. La zona notte prevede due cabine e due bagni oltre alla cabina del marinaio con proprio servizio. A prua si apre la cabina armatoriale con letto doppio rialzato e numerosi armadietti e il bagno dedicato, A sinistra pi\u00f9 a poppa c\u2019\u00e8 la cabina ospiti con due letti singoli e il bagno ospiti.<\/p>\n<p>DESCRIZIONE ARMAMENTI<br \/>&#8211; Pozzetto in teak<br \/>&#8211; Doccia pozzetto<br \/>&#8211; Passavanti in teak<br \/>&#8211; Passerella idraulica<br \/>&#8211; Autogonfiabile<br \/>&#8211; Cuscineria pozzetto<br \/>&#8211; Scaletta bagno<br \/>&#8211; Cabina marinaio allestita<br \/>&#8211; Lavastoviglie<br \/>&#8211; Elica di prua<br \/>&#8211; Lavatrice<br \/>&#8211; Pompa di sentina elettrica<br \/>&#8211; Forno<br \/>&#8211; Pompa di sentina manuale<br \/>&#8211; Microonde<br \/>&#8211; Aria condizionata<br \/>&#8211; WC elettrico<br \/>&#8211; Riscaldamento<br \/>&#8211; Acqua calda<br \/>&#8211; Frigorifero<br \/>&#8211; Dissalatore<br \/>&#8211; Congelatore<br \/>&#8211; Caricabatterie<\/p>\n<p>DESCRIZIONE STRUMENTAZIONE<br \/>&#8211; Ecoscandaglio<br \/>&#8211; Radar<br \/>&#8211; Log-contamiglia<br \/>&#8211; Computer di bordo<br \/>&#8211; Impianto TV: ANTENNA TV SAT<br \/>&#8211; Centrale di navigazione<br \/>&#8211; Plotter<br \/>&#8211; Lettore DVD<br \/>&#8211; Pilota automatico<br \/>&#8211; Radio<br \/>&#8211; Bussola<br \/>&#8211; Lettore CD<br \/>&#8211; GPS<br \/>&#8211; Altoparlanti di pozzetto<br \/>&#8211; VHF<\/p>\n<p>\n<\/div><div class=\"kc-elm kc-css-460580 kc_row kc_row_inner\"><div class=\"kc-elm kc-css-820846 kc_col-sm-4 kc_column_inner kc_col-sm-4\"><div class=\"kc_wrapper kc-col-inner-container\"><\/div><\/div><div class=\"kc-elm kc-css-736580 kc_col-sm-4 kc_column_inner kc_col-sm-4\"><div class=\"kc_wrapper kc-col-inner-container\"><div class=\"kc-elm kc-css-730814 kc-raw-code\">\t<\/div><div class=\"kc-elm kc-css-897098\" style=\"height: 20px; clear: both; width:100%;\"><\/div><\/div><\/div><div class=\"kc-elm kc-css-213968 kc_col-sm-4 kc_column_inner kc_col-sm-4\"><div class=\"kc_wrapper kc-col-inner-container\"><div class=\"kc-elm kc-css-610145 kc-raw-code\"><class name=\"formpdf\" ><form method=\"POST\" action=\"CreaPdf.php\" target=\"_blank\"><input type=\"hidden\" value=\"creapdf\" name=\"pdf\"><input type=\"hidden\" value=\"2048\" name=\"idProdotto\"><input type=\"submit\" value=\"SCHEDA PDF\"><\/form><\/class>\t<\/div><div class=\"kc-elm kc-css-119657\" style=\"height: 20px; clear: both; width:100%;\"><\/div><\/div><\/div><\/div><\/div><\/div><\/div><\/div><\/section><section class=\"kc-elm kc-css-372314 kc_row\"><div class=\"kc-row-container  kc-container\"><div class=\"kc-wrap-columns\"><div class=\"kc-elm kc-css-578082 kc_col-of-5 kc_column kc_col-of-5\"><div class=\"kc-col-container\"><\/div><\/div><div class=\"kc-elm kc-css-636529 kc_col-of-5 kc_column kc_col-of-5\"><div class=\"kc-col-container\"><\/div><\/div><div class=\"kc-elm kc-css-633637 kc_col-of-5 kc_column kc_col-of-5\"><div class=\"kc-col-container\"><\/div><\/div><div class=\"kc-elm kc-css-11233 kc_col-of-5 kc_column kc_col-of-5\"><div class=\"kc-col-container\"><\/div><\/div><div class=\"kc-elm kc-css-43898 kc_col-of-5 kc_column kc_col-of-5\"><div class=\"kc-col-container\"><div class=\"widget widget_search kc-elm kc-css-567467\"><h2 class=\"widgettitle\">Cerca<\/h2><form role=\"search\" method=\"get\" class=\"search-form\" action=\"https:\/\/www.meleyacht.it\/\">\n\t\t\t\t<label>\n\t\t\t\t\t<span class=\"screen-reader-text\">Ricerca per:<\/span>\n\t\t\t\t\t<input type=\"search\" class=\"search-field\" placeholder=\"Cerca &hellip;\" value=\"\" name=\"s\" \/>\n\t\t\t\t<\/label>\n\t\t\t\t<input type=\"submit\" class=\"search-submit\" value=\"Cerca\" \/>\n\t\t\t<\/form><\/div><div class=\"kc-elm kc-css-876162\" style=\"height: 10px; clear: both; width:100%;\"><\/div><div class=\"kc-elm kc-css-337299 kc_text_block\"><\/p>\n<p>\nNews &#038; Eventi<\/p>\n<p>\n<\/div><div class=\"kc-carousel-post kc-elm kc-css-649519\"><div class=\"kc-owl-post-carousel owl-carousel list-post category \" data-owl-options='{\"items\":\"1\",\"mobile\":\"1\",\"tablet\":\"1\",\"speed\":500,\"navigation\":\"\",\"pagination\":\"yes\",\"autoheight\":\"\",\"autoplay\":\"yes\"}'>\t\t<div class=\"item list-item post-65\">\n\n\t\t\t<div class=\"post-content\">\n\n\t\t\t\t<div class=\"image\"><img width=\"150\" height=\"150\" src=\"https:\/\/www.meleyacht.it\/wp-content\/uploads\/2021\/12\/Boot-Dusseldorf-2020-150x150.jpg\" class=\"attachment-thumbnail size-thumbnail wp-post-image\" alt=\"\" loading=\"lazy\" srcset=\"https:\/\/www.meleyacht.it\/wp-content\/uploads\/2021\/12\/Boot-Dusseldorf-2020-150x150.jpg 150w, https:\/\/www.meleyacht.it\/wp-content\/uploads\/2021\/12\/Boot-Dusseldorf-2020-300x300.jpg 300w, https:\/\/www.meleyacht.it\/wp-content\/uploads\/2021\/12\/Boot-Dusseldorf-2020-100x100.jpg 100w\" sizes=\"(max-width: 150px) 100vw, 150px\" \/><h3 class=\"caption\"><a href=\"https:\/\/www.meleyacht.it\/?p=65\">Boot D\u00fcsseldorf 2020<\/a><\/h3><\/div>\n\t\t\t\t\n\t\t\t\t<div class=\"in-post-content\">Dal 18 al 26 gennaio 2020 Mele Yacht parteciper\u00e0 al Boot D\u00fcsseldorf per incontrare i propri clienti.<\/div>\n\t\t\t\t\t\t\t<\/div>\n\n\t\t<\/div>\n\t\t\t\t<div class=\"item list-item post-68\">\n\n\t\t\t<div class=\"post-content\">\n\n\t\t\t\t<div class=\"image\"><img width=\"150\" height=\"150\" src=\"https:\/\/www.meleyacht.it\/wp-content\/uploads\/2021\/12\/pasqua2020-150x150.jpg\" class=\"attachment-thumbnail size-thumbnail wp-post-image\" alt=\"\" loading=\"lazy\" srcset=\"https:\/\/www.meleyacht.it\/wp-content\/uploads\/2021\/12\/pasqua2020-150x150.jpg 150w, https:\/\/www.meleyacht.it\/wp-content\/uploads\/2021\/12\/pasqua2020-300x300.jpg 300w, https:\/\/www.meleyacht.it\/wp-content\/uploads\/2021\/12\/pasqua2020-100x100.jpg 100w\" sizes=\"(max-width: 150px) 100vw, 150px\" \/><h3 class=\"caption\"><a href=\"https:\/\/www.meleyacht.it\/?p=68\">Buona Pasqua 2020<\/a><\/h3><\/div>\n\t\t\t\t\n\t\t\t\t<div class=\"in-post-content\">Caro Amico, speriamo che questa Pasqua trovi te e la tua famiglia al sicuro ed in ottima salute. Probabilmente in Italia, come nel resto del ...<\/div>\n\t\t\t\t\t\t\t<\/div>\n\n\t\t<\/div>\n\t\t\t\t<div class=\"item list-item post-74\">\n\n\t\t\t<div class=\"post-content\">\n\n\t\t\t\t<div class=\"image\"><img width=\"150\" height=\"150\" src=\"https:\/\/www.meleyacht.it\/wp-content\/uploads\/2021\/12\/otam-mele-150x150.jpg\" class=\"attachment-thumbnail size-thumbnail wp-post-image\" alt=\"\" loading=\"lazy\" srcset=\"https:\/\/www.meleyacht.it\/wp-content\/uploads\/2021\/12\/otam-mele-150x150.jpg 150w, https:\/\/www.meleyacht.it\/wp-content\/uploads\/2021\/12\/otam-mele-300x300.jpg 300w, https:\/\/www.meleyacht.it\/wp-content\/uploads\/2021\/12\/otam-mele-100x100.jpg 100w\" sizes=\"(max-width: 150px) 100vw, 150px\" \/><h3 class=\"caption\"><a href=\"https:\/\/www.meleyacht.it\/?p=74\">Otam Experience 23-24 Ottobre Circolo Nautico Posillipo<\/a><\/h3><\/div>\n\t\t\t\t\n\t\t\t\t<div class=\"in-post-content\">Mele Yacht offre ai propri armatori per la prima volta in Sud Italia un Esperienza unica firmata OTAM. Durante questi giorni potrai ammirare diversi modelli ...<\/div>\n\t\t\t\t\t\t\t<\/div>\n\n\t\t<\/div>\n\t\t\t\t<div class=\"item list-item post-1209\">\n\n\t\t\t<div class=\"post-content\">\n\n\t\t\t\t<div class=\"image\"><img width=\"150\" height=\"150\" src=\"https:\/\/www.meleyacht.it\/wp-content\/uploads\/2019\/10\/FLIBS2019-150x150.jpg\" class=\"attachment-thumbnail size-thumbnail wp-post-image\" alt=\"\" loading=\"lazy\" srcset=\"https:\/\/www.meleyacht.it\/wp-content\/uploads\/2019\/10\/FLIBS2019-150x150.jpg 150w, https:\/\/www.meleyacht.it\/wp-content\/uploads\/2019\/10\/FLIBS2019-300x300.jpg 300w, https:\/\/www.meleyacht.it\/wp-content\/uploads\/2019\/10\/FLIBS2019-100x100.jpg 100w\" sizes=\"(max-width: 150px) 100vw, 150px\" \/><h3 class=\"caption\"><a href=\"https:\/\/www.meleyacht.it\/?p=1209\">FORT LAUDERDALE INTERNATIONAL BOAT SHOW October 30 &#8211; November 3, 2019<\/a><\/h3><\/div>\n\t\t\t\t\n\t\t\t\t<div class=\"in-post-content\">&nbsp; Mele Yacht \u00e8 lieta di incontrare i propri clienti alla 60\u00b0 edizione del Ft. Lauderdale International Boat Show<\/div>\n\t\t\t\t\t\t\t<\/div>\n\n\t\t<\/div>\n\t\t\t\t<div class=\"item list-item post-1210\">\n\n\t\t\t<div class=\"post-content\">\n\n\t\t\t\t<div class=\"image\"><img width=\"150\" height=\"150\" src=\"https:\/\/www.meleyacht.it\/wp-content\/uploads\/2019\/09\/Cannes-Yachting-Festival-2019-01-960x500-1-150x150.jpg\" class=\"attachment-thumbnail size-thumbnail wp-post-image\" alt=\"\" loading=\"lazy\" srcset=\"https:\/\/www.meleyacht.it\/wp-content\/uploads\/2019\/09\/Cannes-Yachting-Festival-2019-01-960x500-1-150x150.jpg 150w, https:\/\/www.meleyacht.it\/wp-content\/uploads\/2019\/09\/Cannes-Yachting-Festival-2019-01-960x500-1-300x300.jpg 300w, https:\/\/www.meleyacht.it\/wp-content\/uploads\/2019\/09\/Cannes-Yachting-Festival-2019-01-960x500-1-100x100.jpg 100w\" sizes=\"(max-width: 150px) 100vw, 150px\" \/><h3 class=\"caption\"><a href=\"https:\/\/www.meleyacht.it\/?p=1210\">Cannes Yachting Festival 10 &#8211; 15 Settembre 2019<\/a><\/h3><\/div>\n\t\t\t\t\n\t\t\t\t<div class=\"in-post-content\">&nbsp; Mele Yacht sar\u00e0 lieta di incontrare i propri clienti alla 42\u00b0 edizione del Cannes Yachting Festival<\/div>\n\t\t\t\t\t\t\t<\/div>\n\n\t\t<\/div>\n\t\t<\/div><\/div><div class=\"kc-elm kc-css-816849\" style=\"height: 20px; clear: both; width:100%;\"><\/div><\/div><\/div><\/div><\/div><\/section><\/p>\n","protected":false},"excerpt":{"rendered":"","protected":false},"featured_media":2049,"template":"","meta":[],"product_cat":[33,140,141,34,89,24,108],"product_tag":[],"_links":{"self":[{"href":"https:\/\/www.meleyacht.it\/index.php?rest_route=\/wp\/v2\/product\/2048"}],"collection":[{"href":"https:\/\/www.meleyacht.it\/index.php?rest_route=\/wp\/v2\/product"}],"about":[{"href":"https:\/\/www.meleyacht.it\/index.php?rest_route=\/wp\/v2\/types\/product"}],"wp:featuredmedia":[{"embeddable":true,"href":"https:\/\/www.meleyacht.it\/index.php?rest_route=\/wp\/v2\/media\/2049"}],"wp:attachment":[{"href":"https:\/\/www.meleyacht.it\/index.php?rest_route=%2Fwp%2Fv2%2Fmedia&parent=2048"}],"wp:term":[{"taxonomy":"product_cat","embeddable":true,"href":"https:\/\/www.meleyacht.it\/index.php?rest_route=%2Fwp%2Fv2%2Fproduct_cat&post=2048"},{"taxonomy":"product_tag","embeddable":true,"href":"https:\/\/www.meleyacht.it\/index.php?rest_route=%2Fwp%2Fv2%2Fproduct_tag&post=2048"}],"curies":[{"name":"wp","href":"https:\/\/api.w.org\/{rel}","templated":true}]}}